{"id":107,"date":"2017-07-28T23:16:44","date_gmt":"2017-07-28T23:16:44","guid":{"rendered":"http:\/\/ibnihisam.com\/?page_id=107"},"modified":"2025-03-31T05:50:19","modified_gmt":"2025-03-31T05:50:19","slug":"yasaluyari","status":"publish","type":"page","link":"http:\/\/www.ibnihisam.com\/?page_id=107","title":{"rendered":"Yasal Uyar\u0131!"},"content":{"rendered":"<div><strong>\u00a9<\/strong><strong> Copyrigth 2016-2025<\/strong>\u00a0<a href=\"http:\/\/ibnihisam.com\"><strong>ibnihisam.com<\/strong><\/a>\u00a0t\u00fcm haklar\u0131 sakl\u0131d\u0131r. Makale, kitap, g\u00f6r\u00fcnt\u00fc, resim, video vb. gibi her t\u00fcrl\u00fc i\u00e7eri\u011finin t\u00fcm telif haklar\u0131 yazarlar\u0131na veya <a href=\"http:\/\/ibnihisam.com\"><strong>ibnihisam.com<\/strong><\/a>\u2018a aittir.\u00a0<a href=\"http:\/\/ibnihisam.com\"><strong>ibnihisam.com<\/strong><\/a> sitesinde yer alan b\u00fct\u00fcn yaz\u0131lar, materyaller, resimler, ses dosyalar\u0131, animasyonlar, videolar, dizayn, tasar\u0131m ve d\u00fczenlemelerimizin telif haklar\u0131 5846 say\u0131l\u0131 Fikir ve Sanat Eserleri kanunu ile korunmaktad\u0131r.<\/div>\n<p>&nbsp;<\/p>\n<div>Bu sebeple\u00a0<a href=\"http:\/\/ibnihisam.com\"><strong>ibnihisam.com<\/strong><\/a> sitesinde yeralan b\u00fct\u00fcn i\u00e7eri\u011fin yazar\u0131n\u0131n izni olmaks\u0131z\u0131n b\u00fct\u00fcn olarak bu sayfadan ba\u015fka bir yerde ne\u015fredilmesi yasakt\u0131r. Ancak kaynak g\u00f6sterilmesi ve bu sayfaya do\u011frudan aktif ba\u011flant\u0131 verilmesi \u015fart\u0131yla <a href=\"http:\/\/ibnihisam.com\"><strong>ibnihisam.com<\/strong><\/a> sitesinde yeralan i\u00e7eri\u011fin k\u0131sa bir b\u00f6l\u00fcm\u00fc iktibas edilebilir.Bunlar <a href=\"http:\/\/ibnihisam.com\"><strong>ibnihisam.com<\/strong><\/a>\u2018un yaz\u0131l\u0131 izni olmaks\u0131z\u0131n ticari olarak herhangi bir \u015fekilde kopyalanamaz, da\u011f\u0131t\u0131lamaz, de\u011fi\u015ftirilemez, yay\u0131nlanamaz. \u0130zinsiz ve kaynak belirtilmeksizin kopyalama ve kullan\u0131m\u0131 yap\u0131lamaz.<\/div>\n<p>&nbsp;<\/p>\n<div><a href=\"http:\/\/ibnihisam.com\"><strong>ibnihisam.com<\/strong><\/a>\u2018daki harici linkler ayr\u0131 bir sayfada a\u00e7\u0131l\u0131r. Yay\u0131nlanan yaz\u0131 ve yorumlardan yazarlar\u0131 sorumludur.\u00a0<a href=\"http:\/\/ibnihisam.com\"><strong>ibnihisam.com<\/strong><\/a> hi\u00e7bir bildirim yapmadan, herhangi bir zaman de\u011fi\u015fikli\u011fe gidebilir. Bu sitedeki bilgilerden kaynakl\u0131 hatalar\u0131n hi\u00e7birinden sorumlu de\u011fildir.<\/div>\n","protected":false},"excerpt":{"rendered":"<p>\u00a9 Copyrigth 2016-2025\u00a0ibnihisam.com\u00a0t\u00fcm haklar\u0131 sakl\u0131d\u0131r. Makale, kitap, g\u00f6r\u00fcnt\u00fc, resim, video vb. gibi her t\u00fcrl\u00fc i\u00e7eri\u011finin t\u00fcm telif haklar\u0131 yazarlar\u0131na veya ibnihisam.com\u2018a aittir.\u00a0ibnihisam.com sitesinde yer alan b\u00fct\u00fcn yaz\u0131lar, materyaller, resimler, ses dosyalar\u0131, animasyonlar, videolar, dizayn, tasar\u0131m ve d\u00fczenlemelerimizin telif haklar\u0131 5846 say\u0131l\u0131 Fikir ve Sanat Eserleri kanunu ile korunmaktad\u0131r. &nbsp; Bu sebeple\u00a0ibnihisam.com sitesinde yeralan b\u00fct\u00fcn i\u00e7eri\u011fin [&hellip;]<\/p>\n","protected":false},"author":1,"featured_media":0,"parent":0,"menu_order":3,"comment_status":"closed","ping_status":"closed","template":"","meta":{"footnotes":""},"class_list":["post-107","page","type-page","status-publish","hentry"],"_links":{"self":[{"href":"http:\/\/www.ibnihisam.com\/index.php?rest_route=\/wp\/v2\/pages\/107","targetHints":{"allow":["GET"]}}],"collection":[{"href":"http:\/\/www.ibnihisam.com\/index.php?rest_route=\/wp\/v2\/pages"}],"about":[{"href":"http:\/\/www.ibnihisam.com\/index.php?rest_route=\/wp\/v2\/types\/page"}],"author":[{"embeddable":true,"href":"http:\/\/www.ibnihisam.com\/index.php?rest_route=\/wp\/v2\/users\/1"}],"replies":[{"embeddable":true,"href":"http:\/\/www.ibnihisam.com\/index.php?rest_route=%2Fwp%2Fv2%2Fcomments&post=107"}],"version-history":[{"count":9,"href":"http:\/\/www.ibnihisam.com\/index.php?rest_route=\/wp\/v2\/pages\/107\/revisions"}],"predecessor-version":[{"id":1006,"href":"http:\/\/www.ibnihisam.com\/index.php?rest_route=\/wp\/v2\/pages\/107\/revisions\/1006"}],"wp:attachment":[{"href":"http:\/\/www.ibnihisam.com\/index.php?rest_route=%2Fwp%2Fv2%2Fmedia&parent=107"}],"curies":[{"name":"wp","href":"https:\/\/api.w.org\/{rel}","templated":true}]}}