{"id":18,"date":"2016-12-09T23:33:50","date_gmt":"2016-12-09T23:33:50","guid":{"rendered":"http:\/\/ibnihisam.com\/?page_id=18"},"modified":"2025-02-15T10:38:30","modified_gmt":"2025-02-15T10:38:30","slug":"medine-vesikasi-meselesi","status":"publish","type":"page","link":"http:\/\/www.ibnihisam.com\/?page_id=18","title":{"rendered":"Medine Vesikas\u0131 Meselesi"},"content":{"rendered":"\r\n<figure class=\"wp-block-image size-large\"><img loading=\"lazy\" decoding=\"async\" width=\"600\" height=\"484\" src=\"http:\/\/www.ibnihisam.com\/wp-content\/uploads\/2021\/06\/Cover-sayfa001.png\" alt=\"\" class=\"wp-image-605\" srcset=\"http:\/\/www.ibnihisam.com\/wp-content\/uploads\/2021\/06\/Cover-sayfa001.png 600w, http:\/\/www.ibnihisam.com\/wp-content\/uploads\/2021\/06\/Cover-sayfa001-300x242.png 300w, http:\/\/www.ibnihisam.com\/wp-content\/uploads\/2021\/06\/Cover-sayfa001-150x121.png 150w\" sizes=\"auto, (max-width: 600px) 100vw, 600px\" \/><\/figure>\r\n\r\n\r\n<p>&#8220;Medine Vesikas\u0131 Meselesi&#8221;\u00a0 isimli \u00e7al\u0131\u015fmam\u0131 yay\u0131nlam\u0131\u015f bulunuyorum.<\/p>\r\n<p>Vatana millete hay\u0131rl\u0131 u\u011furlu olsun<\/p>\r\n<p><strong>K\u0130TABIN K\u00dcNYES\u0130:<\/strong><\/p>\r\n<p><strong>Ad\u0131:<\/strong> Medine Vesikas\u0131 Meselesi<\/p>\r\n<p><strong>Yazar\u0131: <\/strong>Muhammed Fatih \u00d6zdemir<\/p>\r\n<p><strong>ISBN:<\/strong> 978-605-82634-0-6<\/p>\r\n\r\n<a  data-e-Disable-Page-Transition=\"true\" class=\"download-link\" title=\"Versiyon 3\" href=\"http:\/\/www.ibnihisam.com?download=907&amp;tmstv=1776278326\" rel=\"nofollow\" id=\"download-link-907\" data-redirect=\"false\" >\n\tBURADAN \u0130ND\u0130R &#8211; MED\u0130NE VES\u0130KASI MESELES\u0130\t(417 indirme\t)\n<\/a>\n","protected":false},"excerpt":{"rendered":"<p>&#8220;Medine Vesikas\u0131 Meselesi&#8221;\u00a0 isimli \u00e7al\u0131\u015fmam\u0131 yay\u0131nlam\u0131\u015f bulunuyorum. Vatana millete hay\u0131rl\u0131 u\u011furlu olsun K\u0130TABIN K\u00dcNYES\u0130: Ad\u0131: Medine Vesikas\u0131 Meselesi Yazar\u0131: Muhammed Fatih \u00d6zdemir ISBN: 978-605-82634-0-6<\/p>\n","protected":false},"author":1,"featured_media":0,"parent":0,"menu_order":0,"comment_status":"closed","ping_status":"closed","template":"","meta":{"footnotes":""},"class_list":["post-18","page","type-page","status-publish","hentry"],"_links":{"self":[{"href":"http:\/\/www.ibnihisam.com\/index.php?rest_route=\/wp\/v2\/pages\/18","targetHints":{"allow":["GET"]}}],"collection":[{"href":"http:\/\/www.ibnihisam.com\/index.php?rest_route=\/wp\/v2\/pages"}],"about":[{"href":"http:\/\/www.ibnihisam.com\/index.php?rest_route=\/wp\/v2\/types\/page"}],"author":[{"embeddable":true,"href":"http:\/\/www.ibnihisam.com\/index.php?rest_route=\/wp\/v2\/users\/1"}],"replies":[{"embeddable":true,"href":"http:\/\/www.ibnihisam.com\/index.php?rest_route=%2Fwp%2Fv2%2Fcomments&post=18"}],"version-history":[{"count":12,"href":"http:\/\/www.ibnihisam.com\/index.php?rest_route=\/wp\/v2\/pages\/18\/revisions"}],"predecessor-version":[{"id":999,"href":"http:\/\/www.ibnihisam.com\/index.php?rest_route=\/wp\/v2\/pages\/18\/revisions\/999"}],"wp:attachment":[{"href":"http:\/\/www.ibnihisam.com\/index.php?rest_route=%2Fwp%2Fv2%2Fmedia&parent=18"}],"curies":[{"name":"wp","href":"https:\/\/api.w.org\/{rel}","templated":true}]}}