{"id":196,"date":"2019-01-26T02:30:27","date_gmt":"2019-01-25T23:30:27","guid":{"rendered":"http:\/\/www.ibnihisam.com\/?page_id=196"},"modified":"2020-12-09T15:15:58","modified_gmt":"2020-12-09T15:15:58","slug":"kitabi-serhil-fikhil-ekber","status":"publish","type":"page","link":"http:\/\/www.ibnihisam.com\/?page_id=196","title":{"rendered":"\u0643\u062a\u0627\u0628 \u0634\u0631\u062d \u0627\u0644\u0641\u0642\u0647 \u0627\u0644\u0627\u0643\u0628\u0631"},"content":{"rendered":"\n<figure class=\"wp-block-image\"><img decoding=\"async\" src=\"http:\/\/www.ibnihisam.com\/wp-content\/uploads\/2019\/01\/kapak-e1548569011510.png\" alt=\"\" class=\"wp-image-203\"\/><\/figure>\n\n\n\n<p>Yar\u0131lad\u0131k, yaza bitirmeyi \u00fcmid ediyorum. \u0130n\u015fallah&#8230;<\/p>\n","protected":false},"excerpt":{"rendered":"<p>Yar\u0131lad\u0131k, yaza bitirmeyi \u00fcmid ediyorum. \u0130n\u015fallah&#8230;<\/p>\n","protected":false},"author":1,"featured_media":0,"parent":588,"menu_order":3,"comment_status":"open","ping_status":"closed","template":"","meta":{"footnotes":""},"class_list":["post-196","page","type-page","status-publish","hentry"],"_links":{"self":[{"href":"http:\/\/www.ibnihisam.com\/index.php?rest_route=\/wp\/v2\/pages\/196","targetHints":{"allow":["GET"]}}],"collection":[{"href":"http:\/\/www.ibnihisam.com\/index.php?rest_route=\/wp\/v2\/pages"}],"about":[{"href":"http:\/\/www.ibnihisam.com\/index.php?rest_route=\/wp\/v2\/types\/page"}],"author":[{"embeddable":true,"href":"http:\/\/www.ibnihisam.com\/index.php?rest_route=\/wp\/v2\/users\/1"}],"replies":[{"embeddable":true,"href":"http:\/\/www.ibnihisam.com\/index.php?rest_route=%2Fwp%2Fv2%2Fcomments&post=196"}],"version-history":[{"count":1,"href":"http:\/\/www.ibnihisam.com\/index.php?rest_route=\/wp\/v2\/pages\/196\/revisions"}],"predecessor-version":[{"id":507,"href":"http:\/\/www.ibnihisam.com\/index.php?rest_route=\/wp\/v2\/pages\/196\/revisions\/507"}],"up":[{"embeddable":true,"href":"http:\/\/www.ibnihisam.com\/index.php?rest_route=\/wp\/v2\/pages\/588"}],"wp:attachment":[{"href":"http:\/\/www.ibnihisam.com\/index.php?rest_route=%2Fwp%2Fv2%2Fmedia&parent=196"}],"curies":[{"name":"wp","href":"https:\/\/api.w.org\/{rel}","templated":true}]}}