{"id":512,"date":"2020-09-03T05:00:47","date_gmt":"2020-09-03T05:00:47","guid":{"rendered":"http:\/\/www.ibnihisam.com\/?page_id=512"},"modified":"2023-02-17T10:06:25","modified_gmt":"2023-02-17T10:06:25","slug":"512-2","status":"publish","type":"page","link":"http:\/\/www.ibnihisam.com\/?page_id=512","title":{"rendered":"\u062e\u0644\u0627\u0635\u0629 \u0627\u0644\u0641\u062a\u0627\u0648\u0649 -\u0643\u062a\u0627\u0628 \u0627\u0644\u0641\u0627\u0638 \u0627\u0644\u0643\u0641\u0631"},"content":{"rendered":"\n<figure class=\"wp-block-gallery columns-1 is-cropped wp-block-gallery-1 is-layout-flex wp-block-gallery-is-layout-flex\"><ul class=\"blocks-gallery-grid\"><li class=\"blocks-gallery-item\"><figure><img decoding=\"async\" src=\"http:\/\/www.ibnihisam.com\/wp-content\/uploads\/2020\/09\/Hulasa.png\" alt=\"\" data-id=\"513\" data-full-url=\"http:\/\/www.ibnihisam.com\/wp-content\/uploads\/2020\/09\/Hulasa.png\" data-link=\"http:\/\/www.ibnihisam.com\/?attachment_id=513\" class=\"wp-image-513\"\/><\/figure><\/li><\/ul><\/figure>\n\n\n\n<p><strong>K\u0130TABIN K\u00dcNYES\u0130:<\/strong><\/p>\n\n\n\n<p><strong>Ad\u0131:<\/strong>&nbsp;H\u00fcl\u00e2sat\u00fc&#8217;l Fet\u00e2v\u00e2 Kit\u00e2bu Elf\u00e2z\u00fcl K\u00fcfr<\/p>\n\n\n\n<p><strong>M\u00fcellifi:&nbsp;<\/strong>\u0130ftih\u00e2r\u00fcdd\u00een T\u00e2hir b. Ahmed el-Buh\u00e2r\u00ee<\/p>\n\n\n\n<p><strong>Yay\u0131na Haz\u0131rlayan\/Tahkik:&nbsp;<\/strong>Muhammed Fatih \u00d6zdemir<\/p>\n\n\n\n<p><strong>ISBN:<\/strong> 978-605-82634-7-5<\/p>\n\n\n<a  data-e-Disable-Page-Transition=\"true\" class=\"download-link\" title=\"\" href=\"http:\/\/www.ibnihisam.com?download=890&amp;tmstv=1776279029\" rel=\"nofollow\" id=\"download-link-890\" data-redirect=\"false\" >\n\tBURADAN \u0130ND\u0130R &#8211; HULASAT\u00dc&#8217;L FETEVA\t(802 indirme\t)\n<\/a>\n","protected":false},"excerpt":{"rendered":"<p>K\u0130TABIN K\u00dcNYES\u0130: Ad\u0131:&nbsp;H\u00fcl\u00e2sat\u00fc&#8217;l Fet\u00e2v\u00e2 Kit\u00e2bu Elf\u00e2z\u00fcl K\u00fcfr M\u00fcellifi:&nbsp;\u0130ftih\u00e2r\u00fcdd\u00een T\u00e2hir b. Ahmed el-Buh\u00e2r\u00ee Yay\u0131na Haz\u0131rlayan\/Tahkik:&nbsp;Muhammed Fatih \u00d6zdemir ISBN: 978-605-82634-7-5<\/p>\n","protected":false},"author":1,"featured_media":0,"parent":588,"menu_order":2,"comment_status":"closed","ping_status":"closed","template":"","meta":{"footnotes":""},"class_list":["post-512","page","type-page","status-publish","hentry"],"_links":{"self":[{"href":"http:\/\/www.ibnihisam.com\/index.php?rest_route=\/wp\/v2\/pages\/512","targetHints":{"allow":["GET"]}}],"collection":[{"href":"http:\/\/www.ibnihisam.com\/index.php?rest_route=\/wp\/v2\/pages"}],"about":[{"href":"http:\/\/www.ibnihisam.com\/index.php?rest_route=\/wp\/v2\/types\/page"}],"author":[{"embeddable":true,"href":"http:\/\/www.ibnihisam.com\/index.php?rest_route=\/wp\/v2\/users\/1"}],"replies":[{"embeddable":true,"href":"http:\/\/www.ibnihisam.com\/index.php?rest_route=%2Fwp%2Fv2%2Fcomments&post=512"}],"version-history":[{"count":11,"href":"http:\/\/www.ibnihisam.com\/index.php?rest_route=\/wp\/v2\/pages\/512\/revisions"}],"predecessor-version":[{"id":923,"href":"http:\/\/www.ibnihisam.com\/index.php?rest_route=\/wp\/v2\/pages\/512\/revisions\/923"}],"up":[{"embeddable":true,"href":"http:\/\/www.ibnihisam.com\/index.php?rest_route=\/wp\/v2\/pages\/588"}],"wp:attachment":[{"href":"http:\/\/www.ibnihisam.com\/index.php?rest_route=%2Fwp%2Fv2%2Fmedia&parent=512"}],"curies":[{"name":"wp","href":"https:\/\/api.w.org\/{rel}","templated":true}]}}